{"id":6217,"date":"2026-09-02T09:54:45","date_gmt":"2026-09-02T07:54:45","guid":{"rendered":"https:\/\/hungarianbusiness.ro\/?post_type=event&#038;p=6217"},"modified":"2026-09-02T09:54:46","modified_gmt":"2026-09-02T07:54:46","slug":"idotallo-korrelaciok","status":"publish","type":"event","link":"https:\/\/hungarianbusiness.ro\/hu\/event\/idotallo-korrelaciok\/","title":{"rendered":"ID\u0150T\u00c1LL\u00d3 KORREL\u00c1CI\u00d3K"},"content":{"rendered":"","protected":false},"excerpt":{"rendered":"","protected":false},"author":3,"featured_media":6026,"template":"","meta":{"inline_featured_image":false,"footnotes":""},"eventcat":[35],"organizer":[],"event_tags":[],"location":[156],"class_list":["post-6217","event","type-event","status-publish","has-post-thumbnail","hentry","eventcat-business","location-marosvasarhely"],"_links":{"self":[{"href":"https:\/\/hungarianbusiness.ro\/hu\/wp-json\/wp\/v2\/event\/6217","targetHints":{"allow":["GET"]}}],"collection":[{"href":"https:\/\/hungarianbusiness.ro\/hu\/wp-json\/wp\/v2\/event"}],"about":[{"href":"https:\/\/hungarianbusiness.ro\/hu\/wp-json\/wp\/v2\/types\/event"}],"author":[{"embeddable":true,"href":"https:\/\/hungarianbusiness.ro\/hu\/wp-json\/wp\/v2\/users\/3"}],"version-history":[{"count":1,"href":"https:\/\/hungarianbusiness.ro\/hu\/wp-json\/wp\/v2\/event\/6217\/revisions"}],"predecessor-version":[{"id":6219,"href":"https:\/\/hungarianbusiness.ro\/hu\/wp-json\/wp\/v2\/event\/6217\/revisions\/6219"}],"wp:featuredmedia":[{"embeddable":true,"href":"https:\/\/hungarianbusiness.ro\/hu\/wp-json\/wp\/v2\/media\/6026"}],"wp:attachment":[{"href":"https:\/\/hungarianbusiness.ro\/hu\/wp-json\/wp\/v2\/media?parent=6217"}],"wp:term":[{"taxonomy":"eventcat","embeddable":true,"href":"https:\/\/hungarianbusiness.ro\/hu\/wp-json\/wp\/v2\/eventcat?post=6217"},{"taxonomy":"organizer","embeddable":true,"href":"https:\/\/hungarianbusiness.ro\/hu\/wp-json\/wp\/v2\/organizer?post=6217"},{"taxonomy":"event_tags","embeddable":true,"href":"https:\/\/hungarianbusiness.ro\/hu\/wp-json\/wp\/v2\/event_tags?post=6217"},{"taxonomy":"location","embeddable":true,"href":"https:\/\/hungarianbusiness.ro\/hu\/wp-json\/wp\/v2\/location?post=6217"}],"curies":[{"name":"wp","href":"https:\/\/api.w.org\/{rel}","templated":true}]}}

IDŐTÁLLÓ KORRELÁCIÓK
